{"id":73,"date":"2020-11-06T15:10:14","date_gmt":"2020-11-06T14:10:14","guid":{"rendered":"http:\/\/wp1137033.server-he.de\/?page_id=73"},"modified":"2020-11-12T08:30:00","modified_gmt":"2020-11-12T07:30:00","slug":"gesellschaftliches-engeagement","status":"publish","type":"page","link":"https:\/\/lars-keitel.de\/index.php\/gesellschaftliches-engeagement\/","title":{"rendered":"Gesellschaftliches Engagement"},"content":{"rendered":"<div class=\"fusion-fullwidth fullwidth-box fusion-builder-row-1 fusion-flex-container nonhundred-percent-fullwidth non-hundred-percent-height-scrolling\" style=\"--awb-border-radius-top-left:0px;--awb-border-radius-top-right:0px;--awb-border-radius-bottom-right:0px;--awb-border-radius-bottom-left:0px;\" ><div class=\"fusion-builder-row fusion-row fusion-flex-align-items-flex-start\" style=\"max-width:1248px;margin-left: calc(-4% \/ 2 );margin-right: calc(-4% \/ 2 );\"><div class=\"fusion-layout-column fusion_builder_column fusion-builder-column-0 fusion_builder_column_1_1 1_1 fusion-flex-column\" style=\"--awb-bg-size:cover;--awb-width-large:100%;--awb-margin-top-large:0px;--awb-spacing-right-large:1.92%;--awb-margin-bottom-large:20px;--awb-spacing-left-large:1.92%;--awb-width-medium:100%;--awb-order-medium:0;--awb-spacing-right-medium:1.92%;--awb-spacing-left-medium:1.92%;--awb-width-small:100%;--awb-order-small:0;--awb-spacing-right-small:1.92%;--awb-spacing-left-small:1.92%;\"><div class=\"fusion-column-wrapper fusion-column-has-shadow fusion-flex-justify-content-flex-start fusion-content-layout-column\"><div class=\"fusion-text fusion-text-1\"><p>\u00dcber meine berufliche T\u00e4tigkeit hinaus engagiere ich mich f\u00fcr <strong>soziale und politische Belange in der Region<\/strong>.<\/p>\n<p>Seit 2001 bin ich <strong>Mitglied der Stadtverordnetenversammlung in Friedrichsdorf<\/strong> und seit 2003 <strong>Fraktionsvorsitzender von B\u00fcndnis 90\/Die Gr\u00fcnen<\/strong>. Ich bin Vorsitzender des Ausschusses f\u00fcr Bau, Umwelt und Verkehr und Mitglied des Haupt- und Finanzausschusses.<\/p>\n<p>Seit 2011 geh\u00f6re ich dem Kreistag an und bin seit 2016 <strong>stellvertretender Kreistagsvorsitzender<\/strong>.<\/p>\n<p>Als <strong>Kabinettsbeauftragter f\u00fcr Kunst und Kultur<\/strong> engagiere ich mich im Lions Distrikt 111MN und organisiere im Lions Club Friedrichsdorf Limes Musikwettbewerbe und Konzerte.<\/p>\n<p>Ich unterst\u00fctze im Verein f\u00fcr Geschichte und Heimatkunde Friedrichsdorf als <strong>Schatzmeister<\/strong> die Arbeit des Vorstands. Au\u00dferdem bin ich <strong>Mitglied des Vorstands des F\u00f6rdervereins Saalburg<\/strong>.<\/p>\n<\/div><\/div><\/div><\/div><\/div>\n","protected":false},"excerpt":{"rendered":"","protected":false},"author":1,"featured_media":0,"parent":0,"menu_order":0,"comment_status":"closed","ping_status":"closed","template":"100-width.php","meta":[],"_links":{"self":[{"href":"https:\/\/lars-keitel.de\/index.php\/wp-json\/wp\/v2\/pages\/73"}],"collection":[{"href":"https:\/\/lars-keitel.de\/index.php\/wp-json\/wp\/v2\/pages"}],"about":[{"href":"https:\/\/lars-keitel.de\/index.php\/wp-json\/wp\/v2\/types\/page"}],"author":[{"embeddable":true,"href":"https:\/\/lars-keitel.de\/index.php\/wp-json\/wp\/v2\/users\/1"}],"replies":[{"embeddable":true,"href":"https:\/\/lars-keitel.de\/index.php\/wp-json\/wp\/v2\/comments?post=73"}],"version-history":[{"count":7,"href":"https:\/\/lars-keitel.de\/index.php\/wp-json\/wp\/v2\/pages\/73\/revisions"}],"predecessor-version":[{"id":414,"href":"https:\/\/lars-keitel.de\/index.php\/wp-json\/wp\/v2\/pages\/73\/revisions\/414"}],"wp:attachment":[{"href":"https:\/\/lars-keitel.de\/index.php\/wp-json\/wp\/v2\/media?parent=73"}],"curies":[{"name":"wp","href":"https:\/\/api.w.org\/{rel}","templated":true}]}}