{"id":80,"date":"2020-11-06T15:33:44","date_gmt":"2020-11-06T14:33:44","guid":{"rendered":"http:\/\/wp1137033.server-he.de\/?page_id=80"},"modified":"2020-11-25T17:02:20","modified_gmt":"2020-11-25T16:02:20","slug":"vita","status":"publish","type":"page","link":"https:\/\/lars-keitel.de\/index.php\/vita\/","title":{"rendered":"Vita"},"content":{"rendered":"<div class=\"fusion-fullwidth fullwidth-box fusion-builder-row-1 fusion-flex-container nonhundred-percent-fullwidth non-hundred-percent-height-scrolling\" style=\"--awb-border-radius-top-left:0px;--awb-border-radius-top-right:0px;--awb-border-radius-bottom-right:0px;--awb-border-radius-bottom-left:0px;\" ><div class=\"fusion-builder-row fusion-row fusion-flex-align-items-flex-start\" style=\"max-width:1248px;margin-left: calc(-4% \/ 2 );margin-right: calc(-4% \/ 2 );\"><div class=\"fusion-layout-column fusion_builder_column fusion-builder-column-0 fusion_builder_column_1_1 1_1 fusion-flex-column\" style=\"--awb-bg-size:cover;--awb-width-large:100%;--awb-margin-top-large:0px;--awb-spacing-right-large:1.92%;--awb-margin-bottom-large:20px;--awb-spacing-left-large:1.92%;--awb-width-medium:100%;--awb-order-medium:0;--awb-spacing-right-medium:1.92%;--awb-spacing-left-medium:1.92%;--awb-width-small:100%;--awb-order-small:0;--awb-spacing-right-small:1.92%;--awb-spacing-left-small:1.92%;\"><div class=\"fusion-column-wrapper fusion-column-has-shadow fusion-flex-justify-content-flex-start fusion-content-layout-column\"><div class=\"fusion-text fusion-text-1\"><p>Meine musikalische Laufbahn begann an der <strong>Hochschule f\u00fcr Musik und Darstellende Kunst in Frankfurt<\/strong> am Main bei Prof. Jutta Drehfahl. Im Fach Orchesterleitung unterrichtete mich Dr. Hans Jaskulsky. Chorleitung lernte ich bei Prof. Georg Christoph Biller und Prof. Wolfgang Sch\u00e4fer.<\/p>\n<p>Danach machte ich ein Aufbaustudium f\u00fcr Klavier bei Friederike Richter an der <strong>Akademie f\u00fcr Tonkunst in Darmstadt<\/strong>, welches ich im Mai 1997 mit der Traumnote 1,0 abschloss.<\/p>\n<p><img decoding=\"async\" class=\"lazyload size-fusion-400 wp-image-45 alignright\" src=\"http:\/\/lars-keitel.de\/wp-content\/uploads\/2020\/11\/06_15-21_JSO_SoerenPohl-253-768x512-1-400x267.jpg\" data-orig-src=\"http:\/\/lars-keitel.de\/wp-content\/uploads\/2020\/11\/06_15-21_JSO_SoerenPohl-253-768x512-1-400x267.jpg\" alt=\"Lars Keitel\" width=\"400\" height=\"267\" srcset=\"data:image\/svg+xml,%3Csvg%20xmlns%3D%27http%3A%2F%2Fwww.w3.org%2F2000%2Fsvg%27%20width%3D%27400%27%20height%3D%27267%27%20viewBox%3D%270%200%20400%20267%27%3E%3Crect%20width%3D%27400%27%20height%3D%27267%27%20fill-opacity%3D%220%22%2F%3E%3C%2Fsvg%3E\" data-srcset=\"https:\/\/lars-keitel.de\/wp-content\/uploads\/2020\/11\/06_15-21_JSO_SoerenPohl-253-768x512-1-200x133.jpg 200w, https:\/\/lars-keitel.de\/wp-content\/uploads\/2020\/11\/06_15-21_JSO_SoerenPohl-253-768x512-1-300x200.jpg 300w, https:\/\/lars-keitel.de\/wp-content\/uploads\/2020\/11\/06_15-21_JSO_SoerenPohl-253-768x512-1-400x267.jpg 400w, https:\/\/lars-keitel.de\/wp-content\/uploads\/2020\/11\/06_15-21_JSO_SoerenPohl-253-768x512-1-600x400.jpg 600w, https:\/\/lars-keitel.de\/wp-content\/uploads\/2020\/11\/06_15-21_JSO_SoerenPohl-253-768x512-1.jpg 768w\" data-sizes=\"auto\" data-orig-sizes=\"(max-width: 400px) 100vw, 400px\" \/>Ich nahm an Kursen von Prof. Arnulf von Arnim (im Rahmen des internationalen Kammermusikfestival in Cervo\/Italien) und Prof. Hans Leygraf (Darmstadt) teil.<\/p>\n<p>Zehn Jahre war ich <strong>musikalischer Leiter<\/strong> der \u201eKleinen Oper Bad Homburg\u201c. Mit diesem Ensemble traten wir u.a. auf Schleswig Holstein Musik Festival, beim Kissinger Sommer, beim Mozartfest W\u00fcrzburg sowie im Festspielhaus Baden-Baden, im Ruhrfestspielhaus Recklinghausen, in der Alten Oper Frankfurt und im Gasteig in M\u00fcnchen auf.<\/p>\n<p>Sowohl <strong>Solo-Konzerte<\/strong> als auch Konzerte mit Orchestern f\u00fchren mich durch ganz Deutschland, nach Luxemburg sowie nach Kroatien, Holland und in die Schweiz.<\/p>\n<p>Oft trete ich als <strong>Liedbegleiter <\/strong>auf\u00a0oder spiele in verschieden <strong>kammermusikalischen Formationen<\/strong>. Gemeinsam mit meinem guten Freund Thomas Herrmann gr\u00fcndete ich im Jahr 2000 ein <strong>Klavierduo<\/strong>, mit dem wir bis zum heutigen Tage zahllose Konzerte bestritten haben.<\/p>\n<p>Dazu kamen im Lauf der Zeit viele <strong>Moderationen<\/strong> diverser Kulturveranstaltungen und Konzerte.<\/p>\n<p>Regelm\u00e4\u00dfig begleite ich bekannte deutsche Schauspieler wie Esther Schweins, Sebastian Koch, Dietmar B\u00e4r, KatharinaThalbach, Michael Mendl, Robert Stadlober, Iris Berben, Christian Br\u00fcckner und Max Moor bei ihren Lesungen musikalisch auf der B\u00fchne.<\/p>\n<p>Ich habe <strong>drei Klavieralben<\/strong> aufgenommen und auch an diversen <strong>Radio- und Fernsehaufnahmen<\/strong> mitgewirkt.<\/p>\n<p><img decoding=\"async\" class=\"lazyload size-fusion-400 wp-image-92 alignleft\" src=\"http:\/\/lars-keitel.de\/wp-content\/uploads\/2020\/11\/IMG_4009-216-76-768x512-1-400x267.jpg\" data-orig-src=\"http:\/\/lars-keitel.de\/wp-content\/uploads\/2020\/11\/IMG_4009-216-76-768x512-1-400x267.jpg\" alt=\"Lars Keitel mit dem JSO\" width=\"400\" height=\"267\" srcset=\"data:image\/svg+xml,%3Csvg%20xmlns%3D%27http%3A%2F%2Fwww.w3.org%2F2000%2Fsvg%27%20width%3D%27400%27%20height%3D%27267%27%20viewBox%3D%270%200%20400%20267%27%3E%3Crect%20width%3D%27400%27%20height%3D%27267%27%20fill-opacity%3D%220%22%2F%3E%3C%2Fsvg%3E\" data-srcset=\"https:\/\/lars-keitel.de\/wp-content\/uploads\/2020\/11\/IMG_4009-216-76-768x512-1-200x133.jpg 200w, https:\/\/lars-keitel.de\/wp-content\/uploads\/2020\/11\/IMG_4009-216-76-768x512-1-300x200.jpg 300w, https:\/\/lars-keitel.de\/wp-content\/uploads\/2020\/11\/IMG_4009-216-76-768x512-1-400x267.jpg 400w, https:\/\/lars-keitel.de\/wp-content\/uploads\/2020\/11\/IMG_4009-216-76-768x512-1-600x400.jpg 600w, https:\/\/lars-keitel.de\/wp-content\/uploads\/2020\/11\/IMG_4009-216-76-768x512-1.jpg 768w\" data-sizes=\"auto\" data-orig-sizes=\"(max-width: 400px) 100vw, 400px\" \/>2001 initiierte ich die <strong>Sommerakademie der Kulturstiftung<\/strong> Friedrichsdorf und leite sie seitdem. Dort bin ich auch im Vorstand t\u00e4tig.<\/p>\n<p>Seit 2008 unterrichte ich Musik am <strong>Kaiserin-Friedrich-Gymnasium in Bad Homburg<\/strong> und leite dort das gro\u00dfe Orchester.<\/p>\n<p>Oft werde ich als <strong>Juror und Juryvorsitzender f\u00fcr Musikwettbewerbe<\/strong> angefragt. Ich bin Vorsitzender des Regionalausschusses \u201eJugend musiziert Hochtaunus \/ Wetterau\u201c und damit verantwortlich f\u00fcr diesen Wettbewerb.<\/p>\n<p>2010 gr\u00fcndete ich das <strong>Jugend-Sinfonie-Orchester Hochtaunus<\/strong> und bin bis heute dessen Leiter. Zusammen mit Susanne Rohn und Dr. Andreas Bomba habe ich im Jahr 2019 die <strong>k\u00fcnstlerische Leitung des Orgelfestivals Fugato<\/strong> \u00fcbernommen.<\/p>\n<\/div><\/div><\/div><\/div><\/div>\n","protected":false},"excerpt":{"rendered":"","protected":false},"author":1,"featured_media":0,"parent":0,"menu_order":0,"comment_status":"closed","ping_status":"closed","template":"100-width.php","meta":[],"_links":{"self":[{"href":"https:\/\/lars-keitel.de\/index.php\/wp-json\/wp\/v2\/pages\/80"}],"collection":[{"href":"https:\/\/lars-keitel.de\/index.php\/wp-json\/wp\/v2\/pages"}],"about":[{"href":"https:\/\/lars-keitel.de\/index.php\/wp-json\/wp\/v2\/types\/page"}],"author":[{"embeddable":true,"href":"https:\/\/lars-keitel.de\/index.php\/wp-json\/wp\/v2\/users\/1"}],"replies":[{"embeddable":true,"href":"https:\/\/lars-keitel.de\/index.php\/wp-json\/wp\/v2\/comments?post=80"}],"version-history":[{"count":11,"href":"https:\/\/lars-keitel.de\/index.php\/wp-json\/wp\/v2\/pages\/80\/revisions"}],"predecessor-version":[{"id":625,"href":"https:\/\/lars-keitel.de\/index.php\/wp-json\/wp\/v2\/pages\/80\/revisions\/625"}],"wp:attachment":[{"href":"https:\/\/lars-keitel.de\/index.php\/wp-json\/wp\/v2\/media?parent=80"}],"curies":[{"name":"wp","href":"https:\/\/api.w.org\/{rel}","templated":true}]}}

<div class="fusion-fullwidth fullwidth-box fusion-builder-row-1 fusion-flex-container nonhundred-percent-fullwidth non-hundred-percent-height-scrolling" style="--awb-border-radius-top-left:0px;--awb-border-radius-top-right:0px;--awb-border-radius-bottom-right:0px;--awb-border-radius-bottom-left:0px;" ><div class="fusion-builder-row fusion-row fusion-flex-align-items-flex-start" style="max-width:1248px;margin-left: calc(-4% / 2 );margin-right: calc(-4% / 2 );"><div class="fusion-layout-column fusion_builder_column fusion-builder-column-0 fusion_builder_column_1_1 1_1 fusion-flex-column" style="--awb-bg-size:cover;--awb-width-large:100%;--awb-margin-top-large:0px;--awb-spacing-right-large:1.92%;--awb-margin-bottom-large:20px;--awb-spacing-left-large:1.92%;--awb-width-medium:100%;--awb-order-medium:0;--awb-spacing-right-medium:1.92%;--awb-spacing-left-medium:1.92%;--awb-width-small:100%;--awb-order-small:0;--awb-spacing-right-small:1.92%;--awb-spacing-left-small:1.92%;"><div class="fusion-column-wrapper fusion-column-has-shadow fusion-flex-justify-content-flex-start fusion-content-layout-column"><div class="fusion-text fusion-text-1"><p>Meine musikalische Laufbahn begann an der <strong>Hochschule für Musik und Darstellende Kunst in Frankfurt</strong> am Main bei Prof. Jutta Drehfahl. Im Fach Orchesterleitung unterrichtete mich Dr. Hans Jaskulsky. Chorleitung lernte ich bei Prof. Georg Christoph Biller und Prof. Wolfgang Schäfer.</p>
<p>Danach machte ich ein Aufbaustudium für Klavier bei Friederike Richter an der <strong>Akademie für Tonkunst in Darmstadt</strong>, welches ich im Mai 1997 mit der Traumnote 1,0 abschloss.</p>
<p><img decoding="async" class="lazyload size-fusion-400 wp-image-45 alignright" src="http://lars-keitel.de/wp-content/uploads/2020/11/06_15-21_JSO_SoerenPohl-253-768x512-1-400x267.jpg" data-orig-src="http://lars-keitel.de/wp-content/uploads/2020/11/06_15-21_JSO_SoerenPohl-253-768x512-1-400x267.jpg" alt="Lars Keitel" width="400" height="267" srcset="data:image/svg+xml,%3Csvg%20xmlns%3D%27http%3A%2F%2Fwww.w3.org%2F2000%2Fsvg%27%20width%3D%27400%27%20height%3D%27267%27%20viewBox%3D%270%200%20400%20267%27%3E%3Crect%20width%3D%27400%27%20height%3D%27267%27%20fill-opacity%3D%220%22%2F%3E%3C%2Fsvg%3E" data-srcset="https://lars-keitel.de/wp-content/uploads/2020/11/06_15-21_JSO_SoerenPohl-253-768x512-1-200x133.jpg 200w, https://lars-keitel.de/wp-content/uploads/2020/11/06_15-21_JSO_SoerenPohl-253-768x512-1-300x200.jpg 300w, https://lars-keitel.de/wp-content/uploads/2020/11/06_15-21_JSO_SoerenPohl-253-768x512-1-400x267.jpg 400w, https://lars-keitel.de/wp-content/uploads/2020/11/06_15-21_JSO_SoerenPohl-253-768x512-1-600x400.jpg 600w, https://lars-keitel.de/wp-content/uploads/2020/11/06_15-21_JSO_SoerenPohl-253-768x512-1.jpg 768w" data-sizes="auto" data-orig-sizes="(max-width: 400px) 100vw, 400px" />Ich nahm an Kursen von Prof. Arnulf von Arnim (im Rahmen des internationalen Kammermusikfestival in Cervo/Italien) und Prof. Hans Leygraf (Darmstadt) teil.</p>
<p>Zehn Jahre war ich <strong>musikalischer Leiter</strong> der „Kleinen Oper Bad Homburg“. Mit diesem Ensemble traten wir u.a. auf Schleswig Holstein Musik Festival, beim Kissinger Sommer, beim Mozartfest Würzburg sowie im Festspielhaus Baden-Baden, im Ruhrfestspielhaus Recklinghausen, in der Alten Oper Frankfurt und im Gasteig in München auf.</p>
<p>Sowohl <strong>Solo-Konzerte</strong> als auch Konzerte mit Orchestern führen mich durch ganz Deutschland, nach Luxemburg sowie nach Kroatien, Holland und in die Schweiz.</p>
<p>Oft trete ich als <strong>Liedbegleiter </strong>auf oder spiele in verschieden <strong>kammermusikalischen Formationen</strong>. Gemeinsam mit meinem guten Freund Thomas Herrmann gründete ich im Jahr 2000 ein <strong>Klavierduo</strong>, mit dem wir bis zum heutigen Tage zahllose Konzerte bestritten haben.</p>
<p>Dazu kamen im Lauf der Zeit viele <strong>Moderationen</strong> diverser Kulturveranstaltungen und Konzerte.</p>
<p>Regelmäßig begleite ich bekannte deutsche Schauspieler wie Esther Schweins, Sebastian Koch, Dietmar Bär, KatharinaThalbach, Michael Mendl, Robert Stadlober, Iris Berben, Christian Brückner und Max Moor bei ihren Lesungen musikalisch auf der Bühne.</p>
<p>Ich habe <strong>drei Klavieralben</strong> aufgenommen und auch an diversen <strong>Radio- und Fernsehaufnahmen</strong> mitgewirkt.</p>
<p><img decoding="async" class="lazyload size-fusion-400 wp-image-92 alignleft" src="http://lars-keitel.de/wp-content/uploads/2020/11/IMG_4009-216-76-768x512-1-400x267.jpg" data-orig-src="http://lars-keitel.de/wp-content/uploads/2020/11/IMG_4009-216-76-768x512-1-400x267.jpg" alt="Lars Keitel mit dem JSO" width="400" height="267" srcset="data:image/svg+xml,%3Csvg%20xmlns%3D%27http%3A%2F%2Fwww.w3.org%2F2000%2Fsvg%27%20width%3D%27400%27%20height%3D%27267%27%20viewBox%3D%270%200%20400%20267%27%3E%3Crect%20width%3D%27400%27%20height%3D%27267%27%20fill-opacity%3D%220%22%2F%3E%3C%2Fsvg%3E" data-srcset="https://lars-keitel.de/wp-content/uploads/2020/11/IMG_4009-216-76-768x512-1-200x133.jpg 200w, https://lars-keitel.de/wp-content/uploads/2020/11/IMG_4009-216-76-768x512-1-300x200.jpg 300w, https://lars-keitel.de/wp-content/uploads/2020/11/IMG_4009-216-76-768x512-1-400x267.jpg 400w, https://lars-keitel.de/wp-content/uploads/2020/11/IMG_4009-216-76-768x512-1-600x400.jpg 600w, https://lars-keitel.de/wp-content/uploads/2020/11/IMG_4009-216-76-768x512-1.jpg 768w" data-sizes="auto" data-orig-sizes="(max-width: 400px) 100vw, 400px" />2001 initiierte ich die <strong>Sommerakademie der Kulturstiftung</strong> Friedrichsdorf und leite sie seitdem. Dort bin ich auch im Vorstand tätig.</p>
<p>Seit 2008 unterrichte ich Musik am <strong>Kaiserin-Friedrich-Gymnasium in Bad Homburg</strong> und leite dort das große Orchester.</p>
<p>Oft werde ich als <strong>Juror und Juryvorsitzender für Musikwettbewerbe</strong> angefragt. Ich bin Vorsitzender des Regionalausschusses „Jugend musiziert Hochtaunus / Wetterau“ und damit verantwortlich für diesen Wettbewerb.</p>
<p>2010 gründete ich das <strong>Jugend-Sinfonie-Orchester Hochtaunus</strong> und bin bis heute dessen Leiter. Zusammen mit Susanne Rohn und Dr. Andreas Bomba habe ich im Jahr 2019 die <strong>künstlerische Leitung des Orgelfestivals Fugato</strong> übernommen.</p>
</div></div></div></div></div>
